e
Is 219187 a composite number?
False
Is 203789 prime?
True
Is 54295 a prime number?
False
Is 39581 a prime number?
True
Is 9131 a composite number?
True
Is 1026911 prime?
True
Is 17279 composite?
True
Is 8999 composite?
False
Is 20563 composite?
False
Is 626411 a prime number?
False
Is 11459 composite?
True
Is 1842103 composite?
True
Is 15371 a composite number?
True
Is 74599 a prime number?
False
Is 122911 prime?
False
Is 79031 composite?
False
Is 1485931 composite?
True
Is 189347 composite?
False
Is 20567 composite?
True
Is 2461 a composite number?
True
Is 74894 composite?
True
Is 1969 composite?
True
Is 126349 composite?
False
Is 927933 a composite number?
True
Is 4609 composite?
True
Is 90599 composite?
False
Is 233279 a prime number?
True
Is 23515 prime?
False
Is 246182 prime?
False
Is 401722 a prime number?
False
Is 4547 a composite number?
False
Is 181157 composite?
False
Is 215903 composite?
True
Is 61363 prime?
True
Is 77387 prime?
False
Is 55009 a prime number?
True
Is 10799 composite?
False
Is 436217 a prime number?
True
Is 70867 a prime number?
True
Is 632953 a composite number?
True
Is 18355 a prime number?
False
Is 67409 a prime number?
True
Is 2939 a prime number?
True
Is 26045 prime?
False
Is 3449 prime?
True
Is 8123 a prime number?
True
Is 104843 a composite number?
True
Is 26141 prime?
True
Is 7069 prime?
True
Is 21143 composite?
False
Is 136489 a prime number?
False
Is 10151 prime?
True
Is 9997 prime?
False
Is 98773 prime?
True
Is 2807457 prime?
False
Is 22007 a composite number?
True
Is 3665 composite?
True
Is 316803 prime?
False
Is 87421 a composite number?
False
Is 63887 a composite number?
True
Is 15353 a composite number?
True
Is 3671 prime?
True
Is 3557 a composite number?
False
Is 30817 a composite number?
False
Is 212573 prime?
True
Is 23753 composite?
False
Is 1085309 a composite number?
False
Is 12511 prime?
True
Is 7069 a prime number?
True
Is 9793 a composite number?
True
Is 46327 a prime number?
True
Is 6019 composite?
True
Is 101483 prime?
True
Is 186497 a prime number?
False
Is 274 composite?
True
Is 17517 a composite number?
True
Is 5378 a prime number?
False
Is 2546662 composite?
True
Is 170801 a composite number?
False
Is 35545 composite?
True
Is 6982 a prime number?
False
Is 888479 a composite number?
False
Is 257741 prime?
False
Is 246955 prime?
False
Is 165221 composite?
True
Is 59057 composite?
True
Is 30311 a prime number?
False
Is 193723 a composite number?
False
Is 12007 a prime number?
True
Is 28639 prime?
False
Is 47837 a prime number?
True
Is 7151 composite?
False
Is 6001 a composite number?
True
Is 41071 composite?
True
Is 32441 composite?
False
Is 25649 prime?
False
Is 327869 composite?
False
Is 3989 prime?
True
Is 13963 a composite number?
False
Is 1693 composite?
False
Is 753931 composite?
False
Is 69143 a composite number?
False
Is 10321 composite?
False
Is 7321 a composite number?
False
Is 8923 prime?
True
Is 894569 prime?
False
Is 275365 a composite number?
True
Is 376546 a composite number?
True
Is 3433 composite?
False
Is 1110773 prime?
True
Is 26363 composite?
True
Is 3571 a composite number?
False
Is 232031 composite?
True
Is 1831 a prime number?
True
Is 714053 a prime number?
False
Is 1677953 composite?
True
Is 361069 a composite number?
False
Is 3641 a composite number?
True
Is 4393 a prime number?
False
Is 349963 prime?
True
Is 27026 a prime number?
False
Is 138449 a composite number?
False
Is 384211 a prime number?
False
Is 9134 a prime number?
False
Is 338615 prime?
False
Is 83297 composite?
True
Is 106487 a composite number?
False
Is 78209 a prime number?
False
Is 579851 a prime number?
True
Is 25969 a composite number?
False
Is 183791 prime?
False
Is 1011961 prime?
True
Is 214499 composite?
False
Is 56039 prime?
True
Is 8149 a composite number?
True
Is 354565 a composite number?
True
Is 31033 composite?
False
Is 138071 a prime number?
True
Is 87821 a composite number?
True
Is 231467 a prime number?
False
Is 9365 a prime number?
False
Is 26569 prime?
False
Is 25663 prime?
False
Is 1193 a prime number?
True
Is 1553 prime?
True
Is 489259 composite?
True
Is 384083 a prime number?
False
Is 78301 a prime number?
True
Is 11027 a prime number?
True
Is 323047 a composite number?
True
Is 4559 a composite number?
True
Is 22991 a prime number?
False
Is 66271 a prime number?
True
Is 25889 a prime number?
True
Is 48647 a composite number?
False
Is 1030241 composite?
False
Is 3669 a composite number?
True
Is 21178 a composite number?
True
Is 16153 a prime number?
False
Is 4497 a composite number?
True
Is 1032963 a prime number?
False
Is 102853 a prime number?
False
Is 122735 composite?
True
Is 156269 prime?
True
Is 485151 a prime number?
False
Is 412546 prime?
False
Is 108505 a prime number?
False
Is 144769 composite?
True
Is 407 a composite number?
True
Is 2333 composite?
False
Is 161917 a prime number?
False
Is 37091 a prime number?
False
Is 39821 a prime number?
True
Is 235401 prime?
False
Is 907054 prime?
False
Is 706843 prime?
False
Is 3723947 a composite number?
False
Is 7853 prime?
True
Is 98671 a prime number?
False
Is 550427 a prime number?
True
Is 51449 composite?
False
Is 202327 a composite number?
False
Is 977761 prime?
True
Is 416341 composite?
True
Is 53221 a composite number?
True
Is 3653 a composite number?
True
Is 1009 a composite number?
False
Is 38393 a prime number?
True
Is 457465 a composite number?
True
Is 1580155 composite?
True
Is 52361 a composite number?
False
Is 941197 a prime number?
False
Is 3401659 a composite number?
False
Is 53722 a composite number?
True
Is 7109 a prime number?
True
Is 37171 a composite number?
False
Is 331691 prime?
True
Is 1273259 prime?
False
Is 232049 a composite number?
False
Is 91193 prime?
True
Is 1761937 prime?
False
Is 1227241 a composite number?
False
Is 1293 a prime number?
False
Is 14971 prime?
False
Is 1147 prime?
False
Is 227299 a prime number?
True
Is 134581 prime?
True
Is 4859 a composite number?
True
Is 5255 a prime number?
False
Is 879881 prime?
True
Is 62387 a prime number?
False
Is 34886 a composite number?
True
Is 66221 a composite number?
False
Is 1385131 prime?
False
Is 6007 composite?
False
Is 195991 composite?
False
Is 2819 composite?
False
Is 148543 a composite number?
True
Is 14393 a composite number?
True
Is 5273 composite?
False
Is 228197 prime?
True
Is 1861 prime?
True
Is 281117 a composite number?
False
Is 3127 a composite number?
True
Is 4757 a prime number?
False
Is 443081 prime?
False
Is 262187 composite?
False
Is 48079 a composite number?
False
Is 358417 composite?
False
Is 41765 composite?
True
Is 7679 a composite number?
True
Is 419837 a composite number?
True
Is 144161 a composite number?
False
Is 30293 prime?
True
Is 1208391 composite?
True
Is 4201 a composite number?
False
Is 2761 a composite number?
True
Is 819307 prime?
True
Is 7283 a prime number?
True
Is 205817 a prime number?
True
Is 41273 a composite number?
True
Is 34421 prime?
True
Is 65309 prime?
True
Is 541859 prime?
True
Is 18661 a prime number?
True
Is 19069 prime?
True
Is 41857 a composite number?
True
Is 2316565 a prime number?
False
Is 6997 a composite number?
False
Is 7934 a prime number?
False
Is 175809 prime?
False
Is 407641 composite?
True
Is 683651 composite?
False
Is 2453 a prime number?
False
Is 64553 a prime number?
True
Is 546313 a prime number?
False
Is 251663 a prime number?
True
Is 24653 a prime number?
False
Is 142811 a prime number?
True
Is 24589 a prime number?
False
Is 53303 prime?
False
Is 166393 a composite number?
False
Is 25385 composite?
True
Is 46399 a composite number?
False
Is 20419 a prime number?
False
Is 270321 prime?
False
Is 35521 prime?
True
Is 99707 composite?
False
Is 44053 a composite number?
False
Is 339989 a prime number?
False
Is 159379 composite?
True
Is 204362 prime?
False
Is 72866 a composite number?
True
Is 8501 a composite number?
False
Is 44866 prime?
False
Is 119359 prime?
True
Is 46135 prime?
False
Is 3293 prime?
False
Is 167666 a prime number?
False
Is 2443 a composite number?
True
Is 2053 prime?
True
Is 10831 a prime number?
True
Is 18617 prime?
True
Is 985721 a prime number?
False
Is 143537 a composite number?
False
Is 15969 prime?
False
Is 152417 a composite number?
False
Is 26099 a prime